 5. Let g(l) = -3*l**2 + 3*l + 16. Let n(k) = 2*g(k) + 7*p(k). Calculate n(3).
3
Let r(h) be the first derivative of h**3/3 - 3*h**2/2 - 2*h + 26. Calculate r(3).
-2
Let l(y) = y + 5. Let x(o) = o**2 - o - 1. Let n be x(3). What is l(n)?
10
Let h(l) be the first derivative of -9*l**4/4 - 2*l**3/3 + l**2 - l - 8. Calculate h(1).
-10
Let g(z) = z**3 + 5*z**2 + 6*z + 6. Let h be g(-4). Let d(i) = i**2 + i - 2. What is d(h)?
0
Let b be 3/(-9) + 13/3. Let s be 6/b*(-2)/(-1). Let x(g) = 2*g - g**2 - g**2 + g**2. Give x(s).
-3
Let h(d) be the third derivative of d**5/60 + 5*d**4/12 - d**3/3 - 10*d**2 - 1. Give h(-7).
-23
Let j(g) = 2 + 1 - 2*g**2 - 2*g + 152*g**3 - 151*g**3. Give j(2).
-1
Suppose 3*k = -4*l - 19, -k = l - 2*k - 4. Let c(h) = -h**2 - 6*h - 1. Let f(d) = 5*d + 1. Let i(n) = 4*c(n) + 5*f(n). What is i(l)?
-4
Let h(a) = -a**2 - 3*a + 3. Let z = 9 - 5. Suppose -z*d - d - 4*m = 0, -4*d = m + 11. What is h(d)?
-1
Let u(l) be the second derivative of l**4/12 + 2*l**3/3 + 3*l**2/2 - l. Let t be u(-2). Let d(p) = 5*p**3 + p**2 + 2*p + 1. Give d(t).
-5
Suppose -c - 4*q = 11, 0 = -4*c - 5*q - 5 - 6. Let m(o) = -o + 1. Determine m(c).
0
Let g(l) = l + 5. Let x = 1 + -6. Let h be g(x). Let k(f) = -f**3 + f**2 - 8. Determine k(h).
-8
Let u(s) = s**2 - s - 1. Let l be u(1). Let d(a) = 3*a**2 + a - 3. Let c(i) = i**3 + i**2 + 1. Let p(k) = l*d(k) - c(k). Let x = -1 - 3. What is p(x)?
6
Let b(y) = -y**3 + 3*y**2 + 2*y - 1. Suppose -3*q - 14 = -5*z, 14 - 4 = 4*z - 3*q. Calculate b(z).
-9
Let k(m) = -5*m**3 - 5*m**2 - 8*m - 38. Let r(u) = 3*u**3 + 3*u**2 + 5*u + 25. Let j(y) = -5*k(y) - 8*r(y). Give j(0).
-10
Let j(c) = -7*c**2 + 39 - 40 - 2*c**2. Let r(x) = -x**2 - x. Let h(o) = j(o) - 2*r(o). Let s(g) = -g**2 + 3*g - 1. Let q be s(1). Give h(q).
-6
Let n(q) = 2*q + 0*q - 1 - 4*q. Suppose 0 = 5*k - 3*s + 32, k + 4 = -4*k - 4*s. Let i(g) = g**3 + 3*g**2 - 3*g + 5. Let l be i(k). Determine n(l).
-3
Let c(w) = -w**2 - 3*w - 4. Suppose -4*k + 4 = 2*s, 0 = -5*s - k - 6 - 11. Determine c(s).
-8
Let b(h) = -2 + 5 - h + 8. Determine b(8).
3
Let f = 4 + -1. Suppose -f*n + 8 = -4. Let b(o) = -3*o + o + 2*o**2 + 5*o + 1 - n*o. Determine b(1).
2
Let m(w) = 3*w + 10. Let u(z) = -z - 3. Let o(g) = 4*m(g) + 11*u(g). Give o(-4).
3
Let t(a) be the second derivative of a**5/20 - 7*a**4/12 + 2*a**3/3 + 5*a**2/2 - 12*a + 5. Suppose -3*h - 2 + 20 = 0. What is t(h)?
-7
Let k(b) = b - 8. Suppose -5*n = -2*m - 26, m + 4*n = 2*m + 10. Let h be (m/(-4))/(-3)*-4. What is k(h)?
-2
Let h(y) be the first derivative of -5*y - 1/3*y**3 + 2 + 4*y**2. Calculate h(5).
10
Let p(d) = -12*d**3 - 3*d + 2*d**2 - 3 + 17*d**3 - 4*d**3. Calculate p(-4).
-23
Let r(n) be the second derivative of -n**5/20 + n**3/6 - 7*n**2/2 - n. Let f = -2 - 2. Let m be f/(-10) - (-4)/(-10). Give r(m).
-7
Let g be 4/(6/(-3)) - -3. Suppose -c - 2*w = -w + g, 5*w + 8 = -4*c. Suppose -5*q + c + 12 = 0. Let a(d) = d**3 - 2*d**2 - 3*d + 4. Calculate a(q).
4
Let p(k) be the second derivative of -1/2*k**2 - k - 2/3*k**3 + 0. What is p(-2)?
7
Let c(y) be the second derivative of 7*y - y**2 + 2/3*y**3 + 0. Give c(2).
6
Let m(c) be the first derivative of -c**3/3 - 4*c**2 - 4*c - 3. What is m(-5)?
11
Let q be 3 - (9/3 + 6). Let j(u) = -u**2 - 6*u + 5. What is j(q)?
5
Suppose -1 + 0 = -n. Let c(q) = -11*q**3. Calculate c(n).
-11
Let z(j) = j**3 - 6*j**2 - 15*j + 52. Let q be z(7). Let t(k) = k**3 + 3*k**2 - k + 2. Give t(q).
-10
Let w(p) = -p**2 - 4*p - 4. Suppose 5 = 4*z - 3. Let x(f) = -2*f**2 + 3*f - 1. Let r be x(z). Determine w(r).
-1
Suppose 0 = -5*x + 13 - 3. Suppose n + 3*j = -x*n + 12, -8 = -n + 3*j. Let g(b) = -b**2 + 2*b**3 - 1 - b**3 + n*b - 2*b. Determine g(2).
9
Let a(p) = -p - 3. Suppose -4*t = -5*h - 6*t + 19, -3*h + t = -18. Calculate a(h).
-8
Let h(o) = o**3 + 12*o**2 + 12*o + 16. Suppose -15*g - 236 = -71. Determine h(g).
5
Let n = 94 - 92. Let m(z) = z**3 - 4*z**2 + z. What is m(n)?
-6
Suppose 2*u = -0*u + 10. Let v(x) = 11 - 12 - x**3 + 5*x**2 + u*x + 0*x**3. Determine v(6).
-7
Suppose -4*i + 7 = -1. Let f be i/(-3) - (-16)/6. Suppose -20 = 3*r - f*j + 7*j, 5*r = j + 4. Let t(h) = h + 7. Determine t(r).
7
Let v(r) be the second derivative of r**6/240 - r**5/30 + r**4/12 - 4*r. Let t(o) be the third derivative of v(o). Determine t(4).
8
Let t(f) = f + 7. Suppose 2*x - 1 = -11. What is t(x)?
2
Let y(t) = -2*t + 2. Let r(w) = w**2 - 4*w + 3. Let j be r(5). Let l be (-2)/j + 84/16. Determine y(l).
-8
Let o be -1*(-3)/(-3) - -4. Let c be 6/3*o/(-2). Let s(i) = i**3 + 3*i**2 - 2*i - 1. Let b be s(c). Let l(m) = -m**3 + 6*m**2 - 6*m - 1. Calculate l(b).
-6
Suppose 0 = -4*r + 3*y - 23, 3*r + 0*r + 21 = y. Let c(n) = -n**2 - 9*n + 10. Determine c(r).
18
Let l be -2*((-2)/(-4) + -1). Let y(c) = 0 - 9*c - 3 + 3 - l. What is y(1)?
-10
Let n(i) = 4*i**3 + 10*i**2 + 8*i - 12. Let c(k) = -3*k**3 - 9*k**2 - 8*k + 11. Let m(s) = 5*c(s) + 4*n(s). Let z be m(6). Let l(w) = 3*w + 7. What is l(z)?
-8
Let y be 3/3*(-6 + -1). Let f be 3 + y + 3 + -3. Let k(o) = -o**2 - 2*o + 3. Calculate k(f).
-5
Let w(u) = -u - 15 + 55 - 17 - 25. Determine w(-5).
3
Let k(f) = 5*f - 9. Let g(q) = -q + 1. Let h(j) = -6*g(j) - k(j). Let i be h(-3). Let l(d) = d**3 - d**2 + d + 5. Give l(i).
5
Let t(h) = -h**3 + 3*h**2 - h + 2. Let x(i) = i - 1. Let z be x(5). Let w(p) = -p + z - 2 + 1. Let j be w(0). Determine t(j).
-1
Let o(s) = -6*s**2 + 2*s - 1. Let t be (1 - 1)*3/(-6). Let n = 2 - t. Suppose 0 = n*p - 4 + 2. Determine o(p).
-5
Let m(b) = -b**3 - 4*b**2 + 2*b + 3. Let f(g) = 2*g**3 + 8*g**2 - 5*g - 7. Let k(c) = 3*f(c) + 7*m(c). Let u be (-38)/14 + (-16)/56. Determine k(u).
-6
Let u(k) be the first derivative of k**4/2 + k**3 - k**2/2 - 2*k - 8. Let q be (-2)/8 - (-2)/8. Suppose q = 3*r - 8*r - 10. What is u(r)?
-4
Let z(x) = x**3 + 7*x**2 + 7*x - 3. Suppose 3*g + 0*g = 36. Let f = -18 + g. Determine z(f).
-9
Let n(a) = -a**3 + 8*a**2 - 7*a + 1. Let j = 20 + -13. What is n(j)?
1
Let p(d) = -d**2 - 3*d - 1. Let k be p(-4). Let x be 6/(-9) - 20/(-12). Let w(m) = x - 1 - 3 - 3*m + 2*m. What is w(k)?
2
Let r(z) = 5*z**3 - 2*z**2 - 2*z - 3. Let i(f) be the first derivative of 3*f**4/4 - f**3/3 - f**2/2 - f - 5. Let v(a) = 5*i(a) - 2*r(a). Give v(1).
4
Let o = -8 + 31. Suppose -3*j + o = 4*v, 3*v - 30 = -4*j - 4. Let c(t) = 3*t - 2. Calculate c(v).
4
Let h(q) = -4*q**2 + 5*q - 6. Let c(b) = -3*b**2 + 4*b - 4. Let i(z) = -3*c(z) + 2*h(z). Calculate i(3).
3
Let f(p) = p**2 + p + 24. Suppose j = -5*r + 5*j - 4, -4*r + 5 = 5*j. Give f(r).
24
Let o(k) = -k**2 - 13*k + 7. Let h be o(-13). Let v(b) = 2*b - 4. Determine v(h).
10
Let g(m) be the third derivative of -m**6/120 + m**5/60 + 5*m**4/24 - 2*m**3/3 - 8*m**2. Calculate g(3).
-7
Let r(s) be the third derivative of -s**5/30 + 5*s**4/24 - s**3/3 - 2*s**2. Let t = 8 - 8. Suppose 3*f + t*f = 9. What is r(f)?
-5
Let u(o) = o**3 + 6*o**2 - 8*o - 9. Let j be u(-7). Let y = j - -4. Let i(x) = 2*x - 2*x**y + 1 - x**3 - 4 + 1. Give i(-3).
1
Let u = -4 + 6. Let z(o) = 6*o + 3 - o**u - 7 + 2 + 0. Suppose -2*j + 10 = 2*n - n, -3*n + 9 = -j. Give z(n).
6
Let m = -5 + 5. Let s = m + 3. Let n(j) = 1 + 3*j + j - s*j. Determine n(-1).
0
Let g(y) = -y - 1. Let r = -12 + 9. Calculate g(r).
2
Let m(d) = 4*d**2. Let v = -5 + 6. Let y(s) = s**2 + 1. Let p(i) = v*m(i) - y(i). Give p(-2).
11
Suppose 5*r - 2*u - 5 - 4 = 0, -5*r = u - 18. Suppose -p = 5 - r. Let k = p - -2. Let z(v) = -v - 3. Give z(k).
-3
Let v(o) = -2*o**2 - 2*o - 2. Suppose -2 = -3*l + 2*s - 13, -4*s = -2*l - 10. What is v(l)?
-14
Suppose -o - 5 = -2*h - 1, 11 = -2*o + 5*h. Suppose -y = -o*y. Let i(x) = -5*x**2 - x**3 - 2*x + 0*x + y*x**3 - 6. What is i(-5)?
4
Let w(j) = 3 + 6*j**2 - 3 - 1. Suppose 0 = -3*q - 12, 4*q = m + 6*q + 7. What is w(m)?
5
Suppose -b + 0*b = -7. Let w be (-356)/(-28) - (-2)/b. Let f = w - 8. Let k(z) = z**3 - 4*z**2 - 5*z - 5. Determine k(f).
-5
Let u(l) = 7*l - 6. Let n(h) = 6*h - 5. Let m(d) = 6*n(d) - 5*u(d). Let g(a) = a - 7. Let f be g(7). Give m(f).
0
Let n(k) = k - 3. Let r = 47 - 39. What is n(r)?
5
Let d = 20 + -20. Let f(x) = -x**3 + x + 3. Give f(d).
3
Let w(i) = -2*i**2 + 6*i - 5. Let m(r) = r**2 - 5*r + 4. Let y(f) = -5*m(f) - 4*w(f). Give y(1).
4
Let x(p) = -5*p**3 - p**2 - 5*p - 5. Let b(w) = w - 4*w**2 + 1 + w*